{"id":1042,"date":"2019-01-28T12:17:17","date_gmt":"2019-01-28T11:17:17","guid":{"rendered":"http:\/\/www.janajeworreck.de\/?page_id=1042"},"modified":"2026-04-03T12:54:22","modified_gmt":"2026-04-03T10:54:22","slug":"1042-2","status":"publish","type":"page","link":"https:\/\/www.janajeworreck.de\/index.php\/1042-2\/","title":{"rendered":"Die Dreiland-Trilogie"},"content":{"rendered":"\n<p class=\"has-text-align-center\"> Dreiland erz\u00e4hlt die abenteuerliche Reise der jungen Signe und Arvid,  dem Gesandten des K\u00f6nigs, durch drei faszinierende L\u00e4nder auf der Suche  nach Magie. Mit fesselnder Sprache, originellen Figuren und  fantastischen Orten f\u00fchrt Jana Jeworreck den Leser durch diese  erfundenen Welten und h\u00e4lt die Geschichte unvorhersehbar bis zum  Schluss. <\/p>\n\n\n\n<p><\/p>\n\n\n\n<p class=\"has-text-align-center\"><a href=\"https:\/\/www.janajeworreck.de\/wp-content\/uploads\/2026\/04\/DreilandTrilogie-Leseprobe-A6.pdf\">LESEPROBEN<\/a><\/p>\n\n\n\n<p class=\"has-text-align-center has-very-light-gray-color has-text-color\">______________________________________________________<\/p>\n\n\n<div class=\"wp-block-image is-resized\">\n<figure class=\"alignright\"><a href=\"https:\/\/www.amazon.de\/Dreiland-III-Drittes-Trilogie-Dreiland-Trilogie-ebook\/dp\/B07PK9Q6ZV\" target=\"_blank\" rel=\"Amazon noopener noreferrer\"><img loading=\"lazy\" decoding=\"async\" width=\"197\" height=\"300\" src=\"https:\/\/www.janajeworreck.de\/wp-content\/uploads\/2019\/02\/Dreilandcover-3-Feuer-und-Rache-197x300.jpg\" alt=\"\" class=\"wp-image-1147\" srcset=\"https:\/\/www.janajeworreck.de\/wp-content\/uploads\/2019\/02\/Dreilandcover-3-Feuer-und-Rache-197x300.jpg 197w, https:\/\/www.janajeworreck.de\/wp-content\/uploads\/2019\/02\/Dreilandcover-3-Feuer-und-Rache-768x1168.jpg 768w, https:\/\/www.janajeworreck.de\/wp-content\/uploads\/2019\/02\/Dreilandcover-3-Feuer-und-Rache-700x1064.jpg 700w, https:\/\/www.janajeworreck.de\/wp-content\/uploads\/2019\/02\/Dreilandcover-3-Feuer-und-Rache.jpg 1476w\" sizes=\"auto, (max-width: 197px) 100vw, 197px\" \/><\/a><\/figure>\n<\/div>\n\n\n<h2 class=\"wp-block-heading has-text-align-left\">Dreiland III<br><\/h2>\n\n\n\n<p>Druck: ISBN 978-3-748525-28-8<br><a rel=\"noopener noreferrer\" href=\"https:\/\/www.epubli.de\/shop\/buch\/Dreiland-III-Jana-Jeworreck-9783748525288\/84944\" target=\"_blank\">epubli<\/a>, <a href=\"https:\/\/www.buecher.de\/shop\/epische-fantasy\/dreiland-iii\/jeworreck-jana\/products_products\/detail\/prod_id\/55980319\/\" target=\"_blank\" rel=\"noreferrer noopener\">B\u00fccher.de<\/a>,  weitere<\/p>\n\n\n\n<p>E-Book:<br><a aria-label=\"Thalia (\u00f6ffnet in neuem Tab)\" href=\"https:\/\/www.thalia.de\/shop\/home\/artikeldetails\/ID142166859.html\" target=\"_blank\" rel=\"noreferrer noopener\">Thalia, <\/a>&nbsp;<a href=\"https:\/\/www.hugendubel.de\/de\/ebook_epub\/jana_jeworreck-dreiland_iii_drittes_buch_der_trilogie-35726866-produkt-details.html\">Hugendubel<\/a>, <a aria-label=\"Amazon (\u00f6ffnet in neuem Tab)\" href=\"https:\/\/www.amazon.de\/dp\/B07PK9Q6ZV\" target=\"_blank\" rel=\"noreferrer noopener\">Amazon<\/a><\/p>\n\n\n\n<p class=\"has-text-align-right\"><a href=\"https:\/\/www.janajeworreck.de\/index.php\/schreiben\/dreiland-iii\/\" target=\"_blank\" rel=\"noreferrer noopener\" aria-label=\"... mehr ...  (\u00f6ffnet in neuem Tab)\">&#8230; mehr &#8230; <\/a> <\/p>\n\n\n\n<p class=\"has-text-align-center has-very-light-gray-color has-text-color\">_________________________________________________________   <\/p>\n\n\n<div class=\"wp-block-image\">\n<figure class=\"alignright is-resized\"><a href=\"https:\/\/www.amazon.de\/Dreiland-II-Zweites-Buch-Trilogie-ebook\/dp\/B07BBNM8VN\" target=\"_blank\" rel=\"Amazon noopener noreferrer\"><img loading=\"lazy\" decoding=\"async\" width=\"197\" height=\"300\" src=\"https:\/\/www.janajeworreck.de\/wp-content\/uploads\/2019\/02\/Dreilandcover-2-H\u00f6hle-und-Magie-197x300.jpg\" alt=\"\" class=\"wp-image-1146\" style=\"width:148px;height:225px\" srcset=\"https:\/\/www.janajeworreck.de\/wp-content\/uploads\/2019\/02\/Dreilandcover-2-H\u00f6hle-und-Magie-197x300.jpg 197w, https:\/\/www.janajeworreck.de\/wp-content\/uploads\/2019\/02\/Dreilandcover-2-H\u00f6hle-und-Magie-768x1168.jpg 768w, https:\/\/www.janajeworreck.de\/wp-content\/uploads\/2019\/02\/Dreilandcover-2-H\u00f6hle-und-Magie-700x1064.jpg 700w, https:\/\/www.janajeworreck.de\/wp-content\/uploads\/2019\/02\/Dreilandcover-2-H\u00f6hle-und-Magie.jpg 1476w\" sizes=\"auto, (max-width: 197px) 100vw, 197px\" \/><\/a><\/figure>\n<\/div>\n\n\n<h2 class=\"wp-block-heading\">Dreiland II <\/h2>\n\n\n\n<p>Druck: ISBN 978-3-7467-1252-9 <br>bei <a rel=\"noreferrer noopener\" href=\"https:\/\/www.epubli.de\/shop\/buch\/Dreiland-II-Jana-Jeworreck-9783746712529\/73592\" target=\"_blank\">epubli<\/a>, <a rel=\"noreferrer noopener\" aria-label=\"B\u00fccher.de (\u00f6ffnet in neuem Tab)\" href=\"https:\/\/www.buecher.de\/shop\/buecher\/dreiland-ii\/jeworreck-jana\/products_products\/detail\/prod_id\/52070094\/\" target=\"_blank\">B\u00fccher.de<\/a> &amp; <a rel=\"noreferrer noopener\" href=\"https:\/\/www.umbreitshopsolution.de\/shop\/item\/9783746712529\/dreiland-ii-von-jana-jeworreck-kartoniertes-buch\" target=\"_blank\">weiteren &#8230;<\/a><\/p>\n\n\n\n<p> E-Book: <a rel=\"noreferrer noopener\" aria-label=\"Thalia (\u00f6ffnet in neuem Tab)\" href=\"https:\/\/www.thalia.de\/shop\/home\/artikeldetails\/ID141644948.html?hkft=ev\" target=\"_blank\">Thalia<\/a>, <a rel=\"noreferrer noopener\" aria-label=\"Hugendubel (\u00f6ffnet in neuem Tab)\" href=\"https:\/\/www.hugendubel.de\/de\/ebook\/jana_jeworreck-dreiland_ii-35394229-produkt-details.html\" target=\"_blank\">Hugendubel<\/a>, <a rel=\"noreferrer noopener\" href=\"https:\/\/www.amazon.de\/dp\/B07BBNM8VN\" target=\"_blank\"> Amazon&nbsp;<\/a> &amp; <a rel=\"noreferrer noopener\" aria-label=\"weitere (\u00f6ffnet in neuem Tab)\" href=\"https:\/\/itunes.apple.com\/de\/artist\/jana-jeworreck\/id585612274\" target=\"_blank\">weitere<\/a> <\/p>\n\n\n\n<p class=\"has-text-align-right\"><a rel=\"noreferrer noopener\" href=\"https:\/\/www.janajeworreck.de\/index.php\/schreiben\/dreiland-ii\/\" target=\"_blank\">mehr &#8230;<\/a><\/p>\n\n\n\n<p><a rel=\"noreferrer noopener\" href=\"https:\/\/www.janajeworreck.de\/index.php\/2018\/04\/26\/trailer-dreiland-ii\/\" target=\"_blank\">Trailer Dreiland II&nbsp;<\/a><\/p>\n\n\n\n<p class=\"has-very-light-gray-color has-text-color\">______________________________________________________________________<br><\/p>\n\n\n<div class=\"wp-block-image\">\n<figure class=\"alignright is-resized\"><a href=\"https:\/\/www.amazon.de\/dp\/B072SLFV4Y\" target=\"_blank\" rel=\"Amazon noopener noreferrer\"><img loading=\"lazy\" decoding=\"async\" width=\"197\" height=\"300\" src=\"https:\/\/www.janajeworreck.de\/wp-content\/uploads\/2019\/02\/Dreilandcover-1-Wasser-und-Dunkelheit-197x300.jpg\" alt=\"\" class=\"wp-image-1145\" style=\"width:148px;height:225px\" srcset=\"https:\/\/www.janajeworreck.de\/wp-content\/uploads\/2019\/02\/Dreilandcover-1-Wasser-und-Dunkelheit-197x300.jpg 197w, https:\/\/www.janajeworreck.de\/wp-content\/uploads\/2019\/02\/Dreilandcover-1-Wasser-und-Dunkelheit-768x1168.jpg 768w, https:\/\/www.janajeworreck.de\/wp-content\/uploads\/2019\/02\/Dreilandcover-1-Wasser-und-Dunkelheit-700x1064.jpg 700w, https:\/\/www.janajeworreck.de\/wp-content\/uploads\/2019\/02\/Dreilandcover-1-Wasser-und-Dunkelheit.jpg 1476w\" sizes=\"auto, (max-width: 197px) 100vw, 197px\" \/><\/a><\/figure>\n<\/div>\n\n\n<h2 class=\"wp-block-heading\">Dreiland I<\/h2>\n\n\n\n<p>Druck: ISBN 978-3-7450-0223-2<br>bei <a rel=\"noopener noreferrer\" href=\"https:\/\/www.epubli.de\/shop\/buch\/Dreiland-I-Jana-Jeworreck-9783745002232\/65567\" target=\"_blank\">epubli<\/a>, <a rel=\"noreferrer noopener\" aria-label=\"B\u00fccher.de (\u00f6ffnet in neuem Tab)\" href=\"https:\/\/www.buecher.de\/shop\/science-fiction-fantasy-horror\/dreiland-i\/jeworreck-jana\/products_products\/detail\/prod_id\/48720231\/\" target=\"_blank\">B\u00fccher.de<\/a> &amp; <a rel=\"noreferrer noopener\" aria-label=\"weiteren (\u00f6ffnet in neuem Tab)\" href=\"https:\/\/www.umbreitshopsolution.de\/shop\/item\/9783745002232\/dreiland-i-von-jana-jeworreck-kartoniertes-buch\" target=\"_blank\">weiteren<\/a><\/p>\n\n\n\n<p>E-Book:<a rel=\"noopener noreferrer\" href=\"https:\/\/www.amazon.de\/dp\/B072SLFV4Y\" target=\"_blank\">&nbsp;<\/a> <a rel=\"noreferrer noopener\" aria-label=\" (\u00f6ffnet in neuem Tab)\" href=\"https:\/\/www.thalia.de\/shop\/home\/artikeldetails\/ID141644947.html?hkft=ev\" target=\"_blank\">Thalia<\/a>, <a rel=\"noreferrer noopener\" aria-label=\" Hugendubel (\u00f6ffnet in neuem Tab)\" href=\"https:\/\/www.hugendubel.de\/de\/ebook\/jana_jeworreck-dreiland_i-35394237-produkt-details.html\" target=\"_blank\">Hugendubel<\/a>, <a rel=\"noopener noreferrer\" href=\"https:\/\/www.amazon.de\/dp\/B072SLFV4Y\" target=\"_blank\"> Amazon <\/a> &amp; <a rel=\"noreferrer noopener\" aria-label=\"weitere (\u00f6ffnet in neuem Tab)\" href=\"https:\/\/itunes.apple.com\/de\/artist\/jana-jeworreck\/id585612274\" target=\"_blank\">weitere<\/a><br><\/p>\n\n\n\n<p class=\"has-text-align-right\"><a rel=\"noopener noreferrer\" href=\"https:\/\/www.janajeworreck.de\/index.php\/schreiben\/dreiland-i\/\" target=\"_blank\">mehr &#8230;<\/a><\/p>\n\n\n\n<p><a href=\"https:\/\/www.youtube.com\/watch?v=1_0qUW7fzjA\" target=\"_blank\" rel=\"noreferrer noopener\">Trailer Dreiland I<\/a><\/p>\n\n\n\n<!--more-->\n\n\n\n<p><\/p>\n","protected":false},"excerpt":{"rendered":"<p>Dreiland erz\u00e4hlt die abenteuerliche Reise der jungen Signe und Arvid, dem Gesandten des K\u00f6nigs, durch drei faszinierende L\u00e4nder auf der Suche nach Magie. Mit fesselnder Sprache, originellen Figuren und fantastischen Orten f\u00fchrt Jana<\/p>\n<div class=\"more-link-wrapper\"><a class=\"more-link\" href=\"https:\/\/www.janajeworreck.de\/index.php\/1042-2\/\">Weiterlesen<span class=\"screen-reader-text\">Die Dreiland-Trilogie<\/span><\/a><\/div>\n","protected":false},"author":1,"featured_media":1234,"parent":0,"menu_order":0,"comment_status":"closed","ping_status":"closed","template":"","meta":{"footnotes":""},"class_list":["post-1042","page","type-page","status-publish","has-post-thumbnail","hentry","entry"],"_links":{"self":[{"href":"https:\/\/www.janajeworreck.de\/index.php\/wp-json\/wp\/v2\/pages\/1042","targetHints":{"allow":["GET"]}}],"collection":[{"href":"https:\/\/www.janajeworreck.de\/index.php\/wp-json\/wp\/v2\/pages"}],"about":[{"href":"https:\/\/www.janajeworreck.de\/index.php\/wp-json\/wp\/v2\/types\/page"}],"author":[{"embeddable":true,"href":"https:\/\/www.janajeworreck.de\/index.php\/wp-json\/wp\/v2\/users\/1"}],"replies":[{"embeddable":true,"href":"https:\/\/www.janajeworreck.de\/index.php\/wp-json\/wp\/v2\/comments?post=1042"}],"version-history":[{"count":112,"href":"https:\/\/www.janajeworreck.de\/index.php\/wp-json\/wp\/v2\/pages\/1042\/revisions"}],"predecessor-version":[{"id":1904,"href":"https:\/\/www.janajeworreck.de\/index.php\/wp-json\/wp\/v2\/pages\/1042\/revisions\/1904"}],"wp:featuredmedia":[{"embeddable":true,"href":"https:\/\/www.janajeworreck.de\/index.php\/wp-json\/wp\/v2\/media\/1234"}],"wp:attachment":[{"href":"https:\/\/www.janajeworreck.de\/index.php\/wp-json\/wp\/v2\/media?parent=1042"}],"curies":[{"name":"wp","href":"https:\/\/api.w.org\/{rel}","templated":true}]}}