{"id":116,"date":"2017-04-23T22:39:11","date_gmt":"2017-04-23T20:39:11","guid":{"rendered":"http:\/\/www.janajeworreck.de\/?page_id=116"},"modified":"2020-05-01T17:51:04","modified_gmt":"2020-05-01T15:51:04","slug":"das-kunstseidene-maedchen","status":"publish","type":"page","link":"https:\/\/www.janajeworreck.de\/index.php\/theater\/das-kunstseidene-maedchen\/","title":{"rendered":"Das kunstseidene M\u00e4dchen"},"content":{"rendered":"\n<h2 class=\"has-text-align-center wp-block-heading\">&#8222;Ein Glanz will ich sein&#8220;<br>Tanztheaterst\u00fcck nach dem Roman von Irmgard Keun<\/h2>\n\n\n\n<div class=\"wp-block-image\"><figure class=\"aligncenter\"><img loading=\"lazy\" decoding=\"async\" width=\"208\" height=\"300\" src=\"https:\/\/www.janajeworreck.de\/wp-content\/uploads\/2017\/04\/Flyer-KM-208x300.jpg\" alt=\"\" class=\"wp-image-156\" srcset=\"https:\/\/www.janajeworreck.de\/wp-content\/uploads\/2017\/04\/Flyer-KM-208x300.jpg 208w, https:\/\/www.janajeworreck.de\/wp-content\/uploads\/2017\/04\/Flyer-KM-768x1107.jpg 768w, https:\/\/www.janajeworreck.de\/wp-content\/uploads\/2017\/04\/Flyer-KM-700x1009.jpg 700w\" sizes=\"auto, (max-width: 208px) 100vw, 208px\" \/><\/figure><\/div>\n\n\n\n<p class=\"has-text-align-center\">Darsteller: Annette Taubmann, Aurel Bereuter<br>B\u00fchnenfassung &amp; Regie: Jana Jeworreck<\/p>\n\n\n\n<blockquote class=\"wp-block-quote is-layout-flow wp-block-quote-is-layout-flow\"><p style=\"text-align: center;\"><em>\u201eIch werde ein Glanz und was ich dann mache , ist richtig &#8211; nie mehr brauch ich mich in Acht nehmen und nicht mehr meine Worte ausrechnen und meine Vorhabungen ausrechnen- einfach betrunken sein, nichts kann mir mehr passieren an Verlust und Verachtung, denn ich bin ein Glanz.\u201c<\/em><\/p><\/blockquote>\n\n\n\n<h2 class=\"has-text-align-center wp-block-heading\">Pressestimmen:<\/h2>\n\n\n\n<blockquote><div><em>Es ist ein kleines Wunder, wie Taubmann diese Sprache spricht, authentisch und passgenau, [&#8230;] Von h\u00f6chster Brillanz etwa die Szene, in der ein B\u00fcrosessel zum zudringlichen Chef transformiert und das M\u00e4dchen sich aus seinen Armen k\u00e4mpft! <\/em><\/div><div style=\"text-align: right;\"><em>Donaukurier, Juni 2010<br><\/em><\/div><\/blockquote>\n\n\n\n<p><a href=\"https:\/\/www.janajeworreck.de\/wp-content\/uploads\/2017\/04\/Kritik-Ingolstadt.pdf\">Kritik Ingolstadt<\/a><\/p>\n\n\n\n<p><a href=\"https:\/\/www.janajeworreck.de\/wp-content\/uploads\/2017\/04\/Kritik-Lindau.pdf\">Kritik Lindau<\/a><\/p>\n\n\n\n<p><a href=\"https:\/\/www.janajeworreck.de\/wp-content\/uploads\/2017\/04\/Kritik-Murnau.pdf\">Kritik Murnau<\/a><\/p>\n\n\n\n<h2 class=\"has-text-align-center wp-block-heading\">\u00dcber die Inszenierung<\/h2>\n\n\n\n<p>In dieser Inszenierung werden Tanz und Sprache gleichwertig miteinander verwoben. W\u00e4hrend die gesprochene Sprache die Geschichte der Doris durch ihre Tagebucheintr\u00e4ge erz\u00e4hlt, zeigt die t\u00e4nzerische K\u00f6rpersprache eine m\u00f6gliche andere Seite der Ereignisse.<\/p>\n\n\n\n<h3 class=\"wp-block-heading\"><img loading=\"lazy\" decoding=\"async\" class=\"wp-image-173 alignright\" src=\"https:\/\/www.janajeworreck.de\/wp-content\/uploads\/2017\/04\/Kunstseidenes-200x300.jpg\" alt=\"\" width=\"245\" height=\"368\" srcset=\"https:\/\/www.janajeworreck.de\/wp-content\/uploads\/2017\/04\/Kunstseidenes-200x300.jpg 200w, https:\/\/www.janajeworreck.de\/wp-content\/uploads\/2017\/04\/Kunstseidenes.jpg 400w\" sizes=\"auto, (max-width: 245px) 100vw, 245px\" \/><\/h3>\n\n\n\n<p>So sind beispielsweise die Posen, die Doris \u00fcbt, einerseits die Imitation von Filmstars, andererseits eine unvollst\u00e4ndige Wiedergabe von \u00e4u\u00dferlichen Haltungen, denen ein innerer \u201eGlanz\u201c &#8211; Kern fehlt.<br>Doris ist sehr jung und in ihrem Charakter noch nicht gefestigt. Daher flackert ihr Licht wie eine Gl\u00fchbirne, deren Strom an- und ausgeschaltet wird, da sie nicht wei\u00df, wie sie sich selbst wirklich zum leuchten bringt.<\/p>\n\n\n\n<p>Im Verlauf des St\u00fcckes geschieht genau das. Doris bringt sich durch ihre Phantasie und ihre jugendliche Energie selbst zum leuchten, aber vergl\u00fcht zugleich.<\/p>\n\n\n\n<p>Ein weiteres Beispiel daf\u00fcr ist ihre Episode am Theater. Durch falsche Behauptungen und das Ausschalten einer Konkurrentin ergattert sie einen Satz in einem Theaterst\u00fcck. Doch nach der Euphorie erfolgt der Absturz, dargestellt durch einen Tanz, bei dem sie sich vollst\u00e4ndig verausgabt. Sie kann ihre eigene Choreographie nicht wiederholen, ist entkr\u00e4ftet und knickt unter ihrem eigenen L\u00fcgengeb\u00e4ude zusammen.<\/p>\n\n\n\n<p>Das Bewundernswerte an dieser Figur ist, dass sie sich immer wieder aufrafft und ihrem Traum folgt, obwohl sich dieser, mit allem, was ihr widerf\u00e4hrt, von ihr entfernt.<\/p>\n\n\n\n<p>Zum Schluss lernt sie durch Ernst, der Mann, der sie in der h\u00f6chsten Not aufnimmt, dass die Anerkennung der Gesellschaft und der M\u00e4nner, die sie sucht, vielleicht nicht durch \u201eden Glanz\u201c, also das vordergr\u00fcndig, oberfl\u00e4chlich Sch\u00f6ne, zu finden ist, sondern durch eine andere Form, die von innen heraus strahlt. Auch wenn Doris es nicht schafft, sich den bildungsb\u00fcrgerlichen Vorstellungen anzupassen, z.B. dem Walzer als streng geregelte Form des Gesellschaftstanzes, so erwacht in ihr am Ende eine andere t\u00e4nzerische Freiheit, die nicht alleine nur sch\u00f6n ist, sondern auch aus ihrem tiefsten Inneren kommt.<\/p>\n","protected":false},"excerpt":{"rendered":"<p>&#8222;Ein Glanz will ich sein&#8220;Tanztheaterst\u00fcck nach dem Roman von Irmgard Keun Darsteller: Annette Taubmann, Aurel BereuterB\u00fchnenfassung &amp; Regie: Jana Jeworreck \u201eIch werde ein Glanz und was ich dann mache , ist richtig &#8211;&#8230;<\/p>\n<div class=\"more-link-wrapper\"><a class=\"more-link\" href=\"https:\/\/www.janajeworreck.de\/index.php\/theater\/das-kunstseidene-maedchen\/\">Weiterlesen<span class=\"screen-reader-text\">Das kunstseidene M\u00e4dchen<\/span><\/a><\/div>\n","protected":false},"author":1,"featured_media":0,"parent":100,"menu_order":0,"comment_status":"closed","ping_status":"closed","template":"","meta":{"footnotes":""},"class_list":["post-116","page","type-page","status-publish","hentry","entry"],"_links":{"self":[{"href":"https:\/\/www.janajeworreck.de\/index.php\/wp-json\/wp\/v2\/pages\/116","targetHints":{"allow":["GET"]}}],"collection":[{"href":"https:\/\/www.janajeworreck.de\/index.php\/wp-json\/wp\/v2\/pages"}],"about":[{"href":"https:\/\/www.janajeworreck.de\/index.php\/wp-json\/wp\/v2\/types\/page"}],"author":[{"embeddable":true,"href":"https:\/\/www.janajeworreck.de\/index.php\/wp-json\/wp\/v2\/users\/1"}],"replies":[{"embeddable":true,"href":"https:\/\/www.janajeworreck.de\/index.php\/wp-json\/wp\/v2\/comments?post=116"}],"version-history":[{"count":21,"href":"https:\/\/www.janajeworreck.de\/index.php\/wp-json\/wp\/v2\/pages\/116\/revisions"}],"predecessor-version":[{"id":1536,"href":"https:\/\/www.janajeworreck.de\/index.php\/wp-json\/wp\/v2\/pages\/116\/revisions\/1536"}],"up":[{"embeddable":true,"href":"https:\/\/www.janajeworreck.de\/index.php\/wp-json\/wp\/v2\/pages\/100"}],"wp:attachment":[{"href":"https:\/\/www.janajeworreck.de\/index.php\/wp-json\/wp\/v2\/media?parent=116"}],"curies":[{"name":"wp","href":"https:\/\/api.w.org\/{rel}","templated":true}]}}