{"id":119,"date":"2017-04-23T22:52:19","date_gmt":"2017-04-23T20:52:19","guid":{"rendered":"http:\/\/www.janajeworreck.de\/?page_id=119"},"modified":"2020-05-01T17:50:37","modified_gmt":"2020-05-01T15:50:37","slug":"reise","status":"publish","type":"page","link":"https:\/\/www.janajeworreck.de\/index.php\/schreiben\/reise\/","title":{"rendered":"Reise in die Mitte von Mera"},"content":{"rendered":"\n<p>Als eBook: <a href=\"https:\/\/www.amazon.de\/Reise-die-Mitte-Mera-Fantasyroman-ebook\/dp\/B00JG8E5L2\/ref=sr_1_1?ie=UTF8&amp;qid=1396599628&amp;sr=8-1&amp;keywords=Reise+in+die+mitte+von+mera\" target=\"_blank\" rel=\"noopener noreferrer\">Amazon<\/a>, <a href=\"http:\/\/www.hugendubel.de\/de\/ebook\/jana_jeworreck-reise_in_die_mitte_von_mera-22856871-produkt-details.html?originalSearchString=reise%20in%20die%20mitte%20von%20me\" target=\"_blank\" rel=\"noopener noreferrer\">Hugendubel<\/a>, <a href=\"https:\/\/www.thalia.de\/shop\/home\/suchartikel\/ID37218063.html?sq=Reise%20in%20die%20Mitte%20von%20Mera\" target=\"_blank\" rel=\"noopener noreferrer\">Thalia<\/a>, <a href=\"http:\/\/www.xinxii.com\/reise-in-die-mitte-von-mera-p-337589.html\" target=\"_blank\" rel=\"noopener noreferrer\">Xinxii<\/a> und weitere&nbsp; &#8230;<\/p>\n\n\n\n<p>Das H\u00f6rbuch: <a href=\"http:\/\/www.audible.de\/pd\/Fantasy\/Reise-in-die-Mitte-von-Mera-Hoerbuch\/B00OKRG0S0\/ref=a_newreleas_c2_11_t\" target=\"_blank\" rel=\"noopener noreferrer\">Audible<\/a>, <a href=\"https:\/\/itunes.apple.com\/de\/audiobook\/reise-in-die-mitte-von-mera\/id930605870\" target=\"_blank\" rel=\"noopener noreferrer\">iTunes<\/a>, <a href=\"https:\/\/play.google.com\/store\/music\/album\/Jana_Jeworreck_Reise_in_die_Mitte_von_Mera?id=Bf5ilebsctmknnldjjn4mxi62m4\" target=\"_blank\" rel=\"noopener noreferrer\">GooglePlay<\/a><\/p>\n\n\n\n<div class=\"wp-block-image\"><figure class=\"aligncenter\"><a href=\"https:\/\/www.amazon.de\/Reise-die-Mitte-Mera-Fantasyroman-ebook\/dp\/B00JG8E5L2\" target=\"_blank\" rel=\"noopener noreferrer\"><img loading=\"lazy\" decoding=\"async\" width=\"211\" height=\"300\" src=\"https:\/\/www.janajeworreck.de\/wp-content\/uploads\/2017\/04\/Reisecover-211x300.jpg\" alt=\"\" class=\"wp-image-128\" srcset=\"https:\/\/www.janajeworreck.de\/wp-content\/uploads\/2017\/04\/Reisecover-211x300.jpg 211w, https:\/\/www.janajeworreck.de\/wp-content\/uploads\/2017\/04\/Reisecover.jpg 300w\" sizes=\"auto, (max-width: 211px) 100vw, 211px\" \/><\/a><\/figure><\/div>\n\n\n\n<h3 class=\"has-text-align-center wp-block-heading\">Leserstimmen<\/h3>\n\n\n\n<p><b>\u201e(Jana Jeworreck) hat die Worte im Blut, in der Seele. Sie schreibt wortgewaltig, sch\u00f6n, gehoben, es ist einfach ein Genuss. Es macht wirklich Freude ihren Worten zu folgen und sich in die Geschichte zu vertiefen.\u201c<\/b><br><i>Birgit Seibold, Buchfan Buchblog<\/i><\/p>\n\n\n\n<p><b>\u201eDer Roman von Jana Jeworreck ist ein Rausch von Worten, Bildern und Eindr\u00fccken. Dicht und spannend.\u201c<\/b><br><i>MichaelaB \u2013 Lovelybooks<\/i><\/p>\n\n\n\n<p><b>\u201eDas Buch wirft uns sofort in die Handlung, regt unser Kopfkino an und fesselt uns von der ersten Seite.\u201c<\/b><br><i>Brigitte Friedrichs, Bibliothek der vergessenen B\u00fccher-Blog<\/i><\/p>\n\n\n\n<p><b>\u201eIch wollte gar nicht aufh\u00f6ren zu lesen.\u201c<\/b><br><i>Lyiane \u2013 Lovelybooks<\/i><\/p>\n\n\n\n<p>Autorin des Monats Oktober 2012: <a href=\"http:\/\/blog.xinxii.de\/10-fragen-an-jana-jeworreck\/\" target=\"_blank\" rel=\"noopener noreferrer\">Interview bei Xinxii<\/a><\/p>\n\n\n\n<h2 class=\"has-text-align-center wp-block-heading\">Reise in die Mitte von Mera:<br>Ein au\u00dfergew\u00f6hnlicher Fantasyroman.<\/h2>\n\n\n\n<p><b>Vom Weg einer K\u00f6nigin<\/b><br>A\u0457ra Lilith von Aras, die junge K\u00f6nigin des Reiches Avantan, hadert mit ihren Pflichten. Anstatt die Geschicke ihres Landes zu lenken, m\u00f6chte die eigenwillige Regentin lieber ferne L\u00e4nder bereisen und spannende Abenteuer erleben. Als ein geheimnisvoller Fremder ihr verspricht, sie in uralte Mysterien \u00fcber die Welt, in der sie lebt, einzuweihen, ist sie schnell bereit, ihn anzuh\u00f6ren.<\/p>\n\n\n\n<p>Mit seinen Geschichten schl\u00e4gt er A\u0457ra in einen Bann, dem sie sich nicht mehr entziehen kann und auch das Reich Avantan f\u00e4llt unter den Einfluss einer d\u00fcsteren Macht.<\/p>\n\n\n\n<p>Schwarze Reiter verw\u00fcsten die L\u00e4nderein und t\u00f6ten die Bewohner Avantans und die K\u00f6nigin selbst scheint sich auf seltsame Art ver\u00e4ndert zu haben&#8230;<\/p>\n\n\n\n<p><b>Wird A\u0457ra den Bann des Fremden brechen k\u00f6nnen? Und wird es der K\u00f6nigin und ihrer Gefolgschaft gelingen, Avantan von der uralten und b\u00f6sartigen Kraft zu befreien, die versucht, die Macht an sich zu rei\u00dfen?<\/b><\/p>\n\n\n\n<blockquote class=\"wp-block-quote is-layout-flow wp-block-quote-is-layout-flow\"><p>&#8222;<i>Das makellose, bleiche Gesicht wurde beherrscht von den dunklen, kalten Augen und in Tebaz&#8216; Blick war keine Spur von Menschlichkeit mehr zu erkennen. No\u00e1kins Zorn wuchs, doch er war unf\u00e4hig, sich zu r\u00fchren. Tebaz beugte sich hinab, nahm den Kopf des Freiherrn zwischen beide H\u00e4nde und fl\u00fcsterte: \u201eIch bin Tebaz, der neue Herrscher \u00fcber Avantan. Es w\u00e4re klug von dir, mich zu akzeptieren, und dir wird nichts geschehen.\u201c<br>\u201eNiemals!\u201c, zischte No\u00e1kin. Im n\u00e4chsten Moment schleuderte Tebaz ihn wie ein Puppe durch den Raum und No\u00e1kins Kopf schlug gegen die steinerne Wand am anderen Ende.&#8220;<\/i><\/p><\/blockquote>\n\n\n\n<div class=\"wp-block-image\"><figure class=\"aligncenter\"><a href=\"https:\/\/www.amazon.de\/Reise-die-Mitte-von-Mera\/dp\/B00OKR3QE6\/ref=sr_1_1_twi_audd_1?s=books&amp;ie=UTF8&amp;qid=1493236792&amp;sr=1-1\" target=\"_blank\" rel=\"noopener noreferrer\"><img loading=\"lazy\" decoding=\"async\" width=\"300\" height=\"300\" src=\"https:\/\/www.janajeworreck.de\/wp-content\/uploads\/2017\/04\/Mera-CD-Cover--300x300.jpg\" alt=\"\" class=\"wp-image-168\" srcset=\"https:\/\/www.janajeworreck.de\/wp-content\/uploads\/2017\/04\/Mera-CD-Cover--300x300.jpg 300w, https:\/\/www.janajeworreck.de\/wp-content\/uploads\/2017\/04\/Mera-CD-Cover--150x150.jpg 150w, https:\/\/www.janajeworreck.de\/wp-content\/uploads\/2017\/04\/Mera-CD-Cover--768x768.jpg 768w, https:\/\/www.janajeworreck.de\/wp-content\/uploads\/2017\/04\/Mera-CD-Cover--700x700.jpg 700w, https:\/\/www.janajeworreck.de\/wp-content\/uploads\/2017\/04\/Mera-CD-Cover-.jpg 2000w\" sizes=\"auto, (max-width: 300px) 100vw, 300px\" \/><\/a><\/figure><\/div>\n\n\n\n<h2 class=\"has-text-align-center wp-block-heading\">Eine intelligente Parabel voller Abenteuer in einer m\u00e4rchenhaften Welt<\/h2>\n\n\n\n<p>Reise in die Mitte von Mera entf\u00fchrt dich in eine fantastische Welt, ohne sich dabei ausgetretener Pfade oder \u00fcberholter Klischees zu bedienen. A\u0457ra ist eine eigenwillige, junge K\u00f6nigin, die lernen muss, dass es dunkle M\u00e4chte gibt, die mit allen Mitteln die bestehende Ordung in Frage stellen. Wird A\u0457ra ihre Leichtfertigkeit zum Verh\u00e4ngnis oder kann sie am Ende doch ihrer Verantwortung als Monarchin gerecht werden?<\/p>\n\n\n\n<p><b>Mera, das vor Jahrtausenden aus dem Kampf der vier Elemente Feuer, Wasser, Erde und Luft entstand, ist eine Welt voller Wunder und Abenteuer. Obwohl die Geschichte g\u00e4nzlich ohne Orks, Elfen und Zwerge auskommt, ist sie einfach magisch. Bist du bereit f\u00fcr diese Reise?<\/b><\/p>\n\n\n\n<p>Anspruchsvolle Fantasy f\u00fcr Leser ab 16 Jahren.<\/p>\n","protected":false},"excerpt":{"rendered":"<p>Als eBook: Amazon, Hugendubel, Thalia, Xinxii und weitere&nbsp; &#8230; Das H\u00f6rbuch: Audible, iTunes, GooglePlay Leserstimmen \u201e(Jana Jeworreck) hat die Worte im Blut, in der Seele. Sie schreibt wortgewaltig, sch\u00f6n, gehoben, es ist einfach&#8230;<\/p>\n<div class=\"more-link-wrapper\"><a class=\"more-link\" href=\"https:\/\/www.janajeworreck.de\/index.php\/schreiben\/reise\/\">Weiterlesen<span class=\"screen-reader-text\">Reise in die Mitte von Mera<\/span><\/a><\/div>\n","protected":false},"author":1,"featured_media":0,"parent":103,"menu_order":0,"comment_status":"closed","ping_status":"closed","template":"","meta":{"footnotes":""},"class_list":["post-119","page","type-page","status-publish","hentry","entry"],"_links":{"self":[{"href":"https:\/\/www.janajeworreck.de\/index.php\/wp-json\/wp\/v2\/pages\/119","targetHints":{"allow":["GET"]}}],"collection":[{"href":"https:\/\/www.janajeworreck.de\/index.php\/wp-json\/wp\/v2\/pages"}],"about":[{"href":"https:\/\/www.janajeworreck.de\/index.php\/wp-json\/wp\/v2\/types\/page"}],"author":[{"embeddable":true,"href":"https:\/\/www.janajeworreck.de\/index.php\/wp-json\/wp\/v2\/users\/1"}],"replies":[{"embeddable":true,"href":"https:\/\/www.janajeworreck.de\/index.php\/wp-json\/wp\/v2\/comments?post=119"}],"version-history":[{"count":33,"href":"https:\/\/www.janajeworreck.de\/index.php\/wp-json\/wp\/v2\/pages\/119\/revisions"}],"predecessor-version":[{"id":1535,"href":"https:\/\/www.janajeworreck.de\/index.php\/wp-json\/wp\/v2\/pages\/119\/revisions\/1535"}],"up":[{"embeddable":true,"href":"https:\/\/www.janajeworreck.de\/index.php\/wp-json\/wp\/v2\/pages\/103"}],"wp:attachment":[{"href":"https:\/\/www.janajeworreck.de\/index.php\/wp-json\/wp\/v2\/media?parent=119"}],"curies":[{"name":"wp","href":"https:\/\/api.w.org\/{rel}","templated":true}]}}

<p>Als eBook: <a href="https://www.amazon.de/Reise-die-Mitte-Mera-Fantasyroman-ebook/dp/B00JG8E5L2/ref=sr_1_1?ie=UTF8&amp;qid=1396599628&amp;sr=8-1&amp;keywords=Reise+in+die+mitte+von+mera" target="_blank" rel="noopener noreferrer">Amazon</a>, <a href="http://www.hugendubel.de/de/ebook/jana_jeworreck-reise_in_die_mitte_von_mera-22856871-produkt-details.html?originalSearchString=reise%20in%20die%20mitte%20von%20me" target="_blank" rel="noopener noreferrer">Hugendubel</a>, <a href="https://www.thalia.de/shop/home/suchartikel/ID37218063.html?sq=Reise%20in%20die%20Mitte%20von%20Mera" target="_blank" rel="noopener noreferrer">Thalia</a>, <a href="http://www.xinxii.com/reise-in-die-mitte-von-mera-p-337589.html" target="_blank" rel="noopener noreferrer">Xinxii</a> und weitere&nbsp; &#8230;</p>



<p>Das Hörbuch: <a href="http://www.audible.de/pd/Fantasy/Reise-in-die-Mitte-von-Mera-Hoerbuch/B00OKRG0S0/ref=a_newreleas_c2_11_t" target="_blank" rel="noopener noreferrer">Audible</a>, <a href="https://itunes.apple.com/de/audiobook/reise-in-die-mitte-von-mera/id930605870" target="_blank" rel="noopener noreferrer">iTunes</a>, <a href="https://play.google.com/store/music/album/Jana_Jeworreck_Reise_in_die_Mitte_von_Mera?id=Bf5ilebsctmknnldjjn4mxi62m4" target="_blank" rel="noopener noreferrer">GooglePlay</a></p>



<div class="wp-block-image"><figure class="aligncenter"><a href="https://www.amazon.de/Reise-die-Mitte-Mera-Fantasyroman-ebook/dp/B00JG8E5L2" target="_blank" rel="noopener noreferrer"><img loading="lazy" decoding="async" width="211" height="300" src="https://www.janajeworreck.de/wp-content/uploads/2017/04/Reisecover-211x300.jpg" alt="" class="wp-image-128" srcset="https://www.janajeworreck.de/wp-content/uploads/2017/04/Reisecover-211x300.jpg 211w, https://www.janajeworreck.de/wp-content/uploads/2017/04/Reisecover.jpg 300w" sizes="auto, (max-width: 211px) 100vw, 211px" /></a></figure></div>



<h3 class="has-text-align-center wp-block-heading">Leserstimmen</h3>



<p><b>„(Jana Jeworreck) hat die Worte im Blut, in der Seele. Sie schreibt wortgewaltig, schön, gehoben, es ist einfach ein Genuss. Es macht wirklich Freude ihren Worten zu folgen und sich in die Geschichte zu vertiefen.“</b><br><i>Birgit Seibold, Buchfan Buchblog</i></p>



<p><b>„Der Roman von Jana Jeworreck ist ein Rausch von Worten, Bildern und Eindrücken. Dicht und spannend.“</b><br><i>MichaelaB – Lovelybooks</i></p>



<p><b>„Das Buch wirft uns sofort in die Handlung, regt unser Kopfkino an und fesselt uns von der ersten Seite.“</b><br><i>Brigitte Friedrichs, Bibliothek der vergessenen Bücher-Blog</i></p>



<p><b>„Ich wollte gar nicht aufhören zu lesen.“</b><br><i>Lyiane – Lovelybooks</i></p>



<p>Autorin des Monats Oktober 2012: <a href="http://blog.xinxii.de/10-fragen-an-jana-jeworreck/" target="_blank" rel="noopener noreferrer">Interview bei Xinxii</a></p>



<h2 class="has-text-align-center wp-block-heading">Reise in die Mitte von Mera:<br>Ein außergewöhnlicher Fantasyroman.</h2>



<p><b>Vom Weg einer Königin</b><br>Aїra Lilith von Aras, die junge Königin des Reiches Avantan, hadert mit ihren Pflichten. Anstatt die Geschicke ihres Landes zu lenken, möchte die eigenwillige Regentin lieber ferne Länder bereisen und spannende Abenteuer erleben. Als ein geheimnisvoller Fremder ihr verspricht, sie in uralte Mysterien über die Welt, in der sie lebt, einzuweihen, ist sie schnell bereit, ihn anzuhören.</p>



<p>Mit seinen Geschichten schlägt er Aїra in einen Bann, dem sie sich nicht mehr entziehen kann und auch das Reich Avantan fällt unter den Einfluss einer düsteren Macht.</p>



<p>Schwarze Reiter verwüsten die Länderein und töten die Bewohner Avantans und die Königin selbst scheint sich auf seltsame Art verändert zu haben&#8230;</p>



<p><b>Wird Aїra den Bann des Fremden brechen können? Und wird es der Königin und ihrer Gefolgschaft gelingen, Avantan von der uralten und bösartigen Kraft zu befreien, die versucht, die Macht an sich zu reißen?</b></p>



<blockquote class="wp-block-quote is-layout-flow wp-block-quote-is-layout-flow"><p>&#8222;<i>Das makellose, bleiche Gesicht wurde beherrscht von den dunklen, kalten Augen und in Tebaz&#8216; Blick war keine Spur von Menschlichkeit mehr zu erkennen. Noákins Zorn wuchs, doch er war unfähig, sich zu rühren. Tebaz beugte sich hinab, nahm den Kopf des Freiherrn zwischen beide Hände und flüsterte: „Ich bin Tebaz, der neue Herrscher über Avantan. Es wäre klug von dir, mich zu akzeptieren, und dir wird nichts geschehen.“<br>„Niemals!“, zischte Noákin. Im nächsten Moment schleuderte Tebaz ihn wie ein Puppe durch den Raum und Noákins Kopf schlug gegen die steinerne Wand am anderen Ende.&#8220;</i></p></blockquote>



<div class="wp-block-image"><figure class="aligncenter"><a href="https://www.amazon.de/Reise-die-Mitte-von-Mera/dp/B00OKR3QE6/ref=sr_1_1_twi_audd_1?s=books&amp;ie=UTF8&amp;qid=1493236792&amp;sr=1-1" target="_blank" rel="noopener noreferrer"><img loading="lazy" decoding="async" width="300" height="300" src="https://www.janajeworreck.de/wp-content/uploads/2017/04/Mera-CD-Cover--300x300.jpg" alt="" class="wp-image-168" srcset="https://www.janajeworreck.de/wp-content/uploads/2017/04/Mera-CD-Cover--300x300.jpg 300w, https://www.janajeworreck.de/wp-content/uploads/2017/04/Mera-CD-Cover--150x150.jpg 150w, https://www.janajeworreck.de/wp-content/uploads/2017/04/Mera-CD-Cover--768x768.jpg 768w, https://www.janajeworreck.de/wp-content/uploads/2017/04/Mera-CD-Cover--700x700.jpg 700w, https://www.janajeworreck.de/wp-content/uploads/2017/04/Mera-CD-Cover-.jpg 2000w" sizes="auto, (max-width: 300px) 100vw, 300px" /></a></figure></div>



<h2 class="has-text-align-center wp-block-heading">Eine intelligente Parabel voller Abenteuer in einer märchenhaften Welt</h2>



<p>Reise in die Mitte von Mera entführt dich in eine fantastische Welt, ohne sich dabei ausgetretener Pfade oder überholter Klischees zu bedienen. Aїra ist eine eigenwillige, junge Königin, die lernen muss, dass es dunkle Mächte gibt, die mit allen Mitteln die bestehende Ordung in Frage stellen. Wird Aїra ihre Leichtfertigkeit zum Verhängnis oder kann sie am Ende doch ihrer Verantwortung als Monarchin gerecht werden?</p>



<p><b>Mera, das vor Jahrtausenden aus dem Kampf der vier Elemente Feuer, Wasser, Erde und Luft entstand, ist eine Welt voller Wunder und Abenteuer. Obwohl die Geschichte gänzlich ohne Orks, Elfen und Zwerge auskommt, ist sie einfach magisch. Bist du bereit für diese Reise?</b></p>



<p>Anspruchsvolle Fantasy für Leser ab 16 Jahren.</p>

<p>Als eBook: Amazon, Hugendubel, Thalia, Xinxii und weitere&nbsp; &#8230; Das Hörbuch: Audible, iTunes, GooglePlay Leserstimmen „(Jana Jeworreck) hat die Worte im Blut, in der Seele. Sie schreibt wortgewaltig, schön, gehoben, es ist einfach&#8230;</p>
<div class="more-link-wrapper"><a class="more-link" href="https://www.janajeworreck.de/index.php/schreiben/reise/">Weiterlesen<span class="screen-reader-text">Reise in die Mitte von Mera</span></a></div>
