{"id":1843,"date":"2025-05-07T16:10:44","date_gmt":"2025-05-07T14:10:44","guid":{"rendered":"https:\/\/www.janajeworreck.de\/?page_id=1843"},"modified":"2025-05-31T10:17:45","modified_gmt":"2025-05-31T08:17:45","slug":"fuerchte-die-sonne-eine-vampirdystopie","status":"publish","type":"page","link":"https:\/\/www.janajeworreck.de\/","title":{"rendered":"F\u00fcrchte die Sonne"},"content":{"rendered":"\n<p class=\"has-text-align-center has-large-font-size\"><strong>Eine Vampirdystopie<\/strong><\/p>\n\n\n\n<p class=\"has-text-align-center has-regular-font-size\"><\/p>\n\n\n\n<p class=\"has-text-align-center\">Willkommen im Jahr 4630 <br>Bist du bereit f\u00fcr die Zukunft?<\/p>\n\n\n\n<p><\/p>\n\n\n<div class=\"wp-block-image is-style-default\">\n<figure class=\"aligncenter size-large is-resized\"><img loading=\"lazy\" decoding=\"async\" width=\"700\" height=\"1064\" src=\"https:\/\/www.janajeworreck.de\/wp-content\/uploads\/2025\/05\/Fuerchte-die-Sonne-1-700x1064.jpg\" alt=\"\" class=\"wp-image-1851\" style=\"width:259px;height:auto\" srcset=\"https:\/\/www.janajeworreck.de\/wp-content\/uploads\/2025\/05\/Fuerchte-die-Sonne-1-700x1064.jpg 700w, https:\/\/www.janajeworreck.de\/wp-content\/uploads\/2025\/05\/Fuerchte-die-Sonne-1-197x300.jpg 197w, https:\/\/www.janajeworreck.de\/wp-content\/uploads\/2025\/05\/Fuerchte-die-Sonne-1-768x1168.jpg 768w, https:\/\/www.janajeworreck.de\/wp-content\/uploads\/2025\/05\/Fuerchte-die-Sonne-1-1010x1536.jpg 1010w, https:\/\/www.janajeworreck.de\/wp-content\/uploads\/2025\/05\/Fuerchte-die-Sonne-1-1347x2048.jpg 1347w, https:\/\/www.janajeworreck.de\/wp-content\/uploads\/2025\/05\/Fuerchte-die-Sonne-1.jpg 1476w\" sizes=\"auto, (max-width: 700px) 100vw, 700px\" \/><\/figure>\n<\/div>\n\n\n<p><\/p>\n\n\n\n<p class=\"has-text-align-center\"><strong>Vampire beherrschen die Welt.<\/strong><\/p>\n\n\n\n<p class=\"has-text-align-center\"><strong>Menschen dienen nur noch als Blutbank, zur Zucht oder zur Erschaffung neuer Nachtgestalten.<\/strong><\/p>\n\n\n\n<p class=\"has-text-align-center\"><strong>Trotz biologischer und technologischer \u00dcberlegenheit der Vampire gibt es noch eine \u00e4u\u00dferst wehrhafte Gruppe menschlicher Freiheitsk\u00e4mpfer.<\/strong><\/p>\n\n\n\n<p class=\"has-text-align-center\"><strong>Im Verborgenen k\u00e4mpfen sie f\u00fcr ihre Zukunft.<\/strong><\/p>\n\n\n\n<p class=\"has-text-align-center\"><strong>Und sie besitzen ein Wissen, mit dem sie den Vampiren ernsthaft gef\u00e4hrlich werden.<\/strong><\/p>\n\n\n\n<p class=\"has-text-align-center\"><a href=\"https:\/\/www.janajeworreck.de\/wp-content\/uploads\/2025\/05\/Leseprobe-Fuerchte-die-Sonne.pdf\" target=\"_blank\" rel=\"noreferrer noopener\">Leseprobe<\/a><br><br><strong>Druckbuch: 18,00\u00a0\u20ac<br>ISBN: 978-3-819716-03-4<\/strong><br><br><a href=\"https:\/\/www.thalia.de\/shop\/home\/artikeldetails\/A1075459182\" target=\"_blank\" rel=\"noreferrer noopener\">Thalia<\/a>, <a href=\"https:\/\/www.epubli.com\/shop\/fuerchte-die-sonne-9783819716034\" target=\"_blank\" rel=\"noreferrer noopener\">Epubli<\/a>, <a href=\"https:\/\/www.hugendubel.de\/de\/buch_kartoniert\/jana_jeworreck-fuerchte_die_sonne-50747538-produkt-details.html\" target=\"_blank\" rel=\"noreferrer noopener\">Hugendubel<\/a>, <a href=\"https:\/\/www.buecher.de\/artikel\/buch\/fuerchte-die-sonne\/74279821\/\" target=\"_blank\" rel=\"noreferrer noopener\">B\u00fccher.de<\/a>, <a href=\"https:\/\/www.amazon.de\/F%C3%BCrchte-die-Sonne-Jana-Jeworreck\/dp\/3819716033\" target=\"_blank\" rel=\"noreferrer noopener\">Amazon<\/a><br><br><strong>eBook: 8,49\u20ac<br>ISBN: 978-3759254-62-7<\/strong><br><br><a href=\"https:\/\/www.thalia.de\/shop\/home\/artikeldetails\/A1075483414\" target=\"_blank\" rel=\"noreferrer noopener\">Thalia<\/a>, <a href=\"https:\/\/www.hugendubel.de\/de\/ebook_epub\/jana_jeworreck-fuerchte_die_sonne-50764671-produkt-details.html\" target=\"_blank\" rel=\"noreferrer noopener\">Hugendubel<\/a>, <a href=\"https:\/\/www.buecher.de\/artikel\/ebook\/fuerchte-die-sonne-ebook-epub\/74303898\/\" target=\"_blank\" rel=\"noreferrer noopener\">B\u00fccher.de<\/a>, <a href=\"https:\/\/www.amazon.de\/dp\/B0F9VQXKBK?__mk_de_DE=%C3%85M%C3%85%C5%BD%C3%95%C3%91&amp;crid=1FLQH3RWUVEQA&amp;s=digital-text&amp;sprefix=f%C3%BCrchte+de+sonne%2Cdigital-text%2C104&amp;sr=1-1\" target=\"_blank\" rel=\"noreferrer noopener\">Amazon<\/a>;<br><br><\/p>\n\n\n\n<p class=\"has-text-align-center\"><strong>\u00dcberall im Handel<\/strong>!<br><\/p>\n\n\n\n<p><\/p>\n\n\n\n<p class=\"has-text-align-center has-large-font-size\"><strong> Buchtrailer<\/strong><\/p>\n\n\n\n<figure class=\"wp-block-video\"><video height=\"1080\" style=\"aspect-ratio: 1920 \/ 1080;\" width=\"1920\" controls src=\"https:\/\/www.janajeworreck.de\/wp-content\/uploads\/2025\/05\/TrailerFuerchtedieSonne.mov\"><\/video><\/figure>\n\n\n\n<p><\/p>\n","protected":false},"excerpt":{"rendered":"<p>Eine Vampirdystopie Willkommen im Jahr 4630 Bist du bereit f\u00fcr die Zukunft? Vampire beherrschen die Welt. Menschen dienen nur noch als Blutbank, zur Zucht oder zur Erschaffung neuer Nachtgestalten. Trotz biologischer und technologischer&#8230;<\/p>\n<div class=\"more-link-wrapper\"><a class=\"more-link\" href=\"https:\/\/www.janajeworreck.de\/\">Weiterlesen<span class=\"screen-reader-text\">F\u00fcrchte die Sonne<\/span><\/a><\/div>\n","protected":false},"author":1,"featured_media":1850,"parent":0,"menu_order":0,"comment_status":"closed","ping_status":"closed","template":"","meta":{"footnotes":""},"class_list":["post-1843","page","type-page","status-publish","has-post-thumbnail","hentry","entry"],"_links":{"self":[{"href":"https:\/\/www.janajeworreck.de\/index.php\/wp-json\/wp\/v2\/pages\/1843","targetHints":{"allow":["GET"]}}],"collection":[{"href":"https:\/\/www.janajeworreck.de\/index.php\/wp-json\/wp\/v2\/pages"}],"about":[{"href":"https:\/\/www.janajeworreck.de\/index.php\/wp-json\/wp\/v2\/types\/page"}],"author":[{"embeddable":true,"href":"https:\/\/www.janajeworreck.de\/index.php\/wp-json\/wp\/v2\/users\/1"}],"replies":[{"embeddable":true,"href":"https:\/\/www.janajeworreck.de\/index.php\/wp-json\/wp\/v2\/comments?post=1843"}],"version-history":[{"count":39,"href":"https:\/\/www.janajeworreck.de\/index.php\/wp-json\/wp\/v2\/pages\/1843\/revisions"}],"predecessor-version":[{"id":1899,"href":"https:\/\/www.janajeworreck.de\/index.php\/wp-json\/wp\/v2\/pages\/1843\/revisions\/1899"}],"wp:featuredmedia":[{"embeddable":true,"href":"https:\/\/www.janajeworreck.de\/index.php\/wp-json\/wp\/v2\/media\/1850"}],"wp:attachment":[{"href":"https:\/\/www.janajeworreck.de\/index.php\/wp-json\/wp\/v2\/media?parent=1843"}],"curies":[{"name":"wp","href":"https:\/\/api.w.org\/{rel}","templated":true}]}}