{"id":262,"date":"2017-05-08T12:37:08","date_gmt":"2017-05-08T10:37:08","guid":{"rendered":"http:\/\/www.janajeworreck.de\/?page_id=262"},"modified":"2020-12-12T10:02:18","modified_gmt":"2020-12-12T09:02:18","slug":"dreiland-i","status":"publish","type":"page","link":"https:\/\/www.janajeworreck.de\/index.php\/schreiben\/dreiland-i\/","title":{"rendered":"Dreiland I"},"content":{"rendered":"\n<h1 class=\"has-text-align-center wp-block-heading\">Spannender Auftakt zur Fantasytrilogie<\/h1>\n\n\n\n<p class=\"has-text-align-center\">ISBN 978-3-7450-0223-2<br>bei <a href=\"https:\/\/www.epubli.de\/shop\/buch\/Dreiland-I-Jana-Jeworreck-9783745002232\/65567\" target=\"_blank\" rel=\"noopener noreferrer\">epubli<\/a>, <a href=\"https:\/\/www.buecher.de\/shop\/science-fiction-fantasy-horror\/dreiland-i\/jeworreck-jana\/products_products\/detail\/prod_id\/48720231\/\" target=\"_blank\" rel=\"noreferrer noopener\" aria-label=\"B\u00fccher.de (\u00f6ffnet in neuem Tab)\">B\u00fccher.de<\/a>, <a href=\"https:\/\/www.amazon.de\/Dreiland-I-Jana-Jeworreck\/dp\/3745002237\/ref=asap_bc?ie=UTF8\" target=\"_blank\" rel=\"noopener noreferrer\">Amazon<\/a> &amp; <a href=\"https:\/\/www.umbreitshopsolution.de\/shop\/item\/9783745002232\/dreiland-i-von-jana-jeworreck-kartoniertes-buch\" target=\"_blank\" rel=\"noreferrer noopener\" aria-label=\"weiteren (\u00f6ffnet in neuem Tab)\">weiteren<\/a><\/p>\n\n\n\n<p class=\"has-text-align-center\">E-Book:<a rel=\"noopener noreferrer\" href=\"https:\/\/www.amazon.de\/dp\/B072SLFV4Y\" target=\"_blank\">\u00a0<\/a> <a rel=\"noreferrer noopener\" aria-label=\" (\u00f6ffnet in neuem Tab)\" href=\"https:\/\/www.thalia.de\/shop\/home\/artikeldetails\/ID141644947.html?hkft=ev\" target=\"_blank\">Thalia<\/a>, <a rel=\"noreferrer noopener\" aria-label=\" Hugendubel (\u00f6ffnet in neuem Tab)\" href=\"https:\/\/www.hugendubel.de\/de\/ebook\/jana_jeworreck-dreiland_i-35394237-produkt-details.html\" target=\"_blank\">Hugendubel<\/a>, <a href=\"https:\/\/www.weltbild.de\/artikel\/ebook\/dreiland-iii-drittes-buch-der-trilogie-dreiland-trilogie-bd_25980115-1?ln=U3VjaGV8U3VjaGVyZ2Vibmlz\" target=\"_blank\" rel=\"noreferrer noopener\">Weltbild<\/a>, <a rel=\"noopener noreferrer\" href=\"https:\/\/www.amazon.de\/dp\/B072SLFV4Y\" target=\"_blank\"> Amazon <\/a> &amp; <a rel=\"noreferrer noopener\" aria-label=\"weitere (\u00f6ffnet in neuem Tab)\" href=\"https:\/\/itunes.apple.com\/de\/artist\/jana-jeworreck\/id585612274\" target=\"_blank\">weitere<\/a><\/p>\n\n\n\n<div class=\"wp-block-image\"><figure class=\"aligncenter\"><img loading=\"lazy\" decoding=\"async\" width=\"197\" height=\"300\" src=\"https:\/\/www.janajeworreck.de\/wp-content\/uploads\/2019\/02\/Dreilandcover-1-Wasser-und-Dunkelheit-197x300.jpg\" alt=\"\" class=\"wp-image-1145\" srcset=\"https:\/\/www.janajeworreck.de\/wp-content\/uploads\/2019\/02\/Dreilandcover-1-Wasser-und-Dunkelheit-197x300.jpg 197w, https:\/\/www.janajeworreck.de\/wp-content\/uploads\/2019\/02\/Dreilandcover-1-Wasser-und-Dunkelheit-768x1168.jpg 768w, https:\/\/www.janajeworreck.de\/wp-content\/uploads\/2019\/02\/Dreilandcover-1-Wasser-und-Dunkelheit-700x1064.jpg 700w, https:\/\/www.janajeworreck.de\/wp-content\/uploads\/2019\/02\/Dreilandcover-1-Wasser-und-Dunkelheit.jpg 1476w\" sizes=\"auto, (max-width: 197px) 100vw, 197px\" \/><\/figure><\/div>\n\n\n\n<p class=\"has-text-align-center\">Ein dunkler Fluch bedroht das K\u00f6nigreich Velcor. Zudem verbreiten unheimliche Bestien  Angst und Schrecken.<\/p>\n\n\n\n<p class=\"has-text-align-center\">Der Gesandte des K\u00f6nigs, Arvid von Lebera, ist im ganzen Land unterwegs, um magiekundige Morphe zu finden, die den Fluch brechen k\u00f6nnten.<\/p>\n\n\n\n<p class=\"has-text-align-center\">Auf seiner Suche begegnet er Signe, einem M\u00e4dchen, das ein vergessenes Symbol des mythischen Kaiserreiches Dreiland tr\u00e4gt. Arvid vermutet, dass sie eine Morphia ist. Doch ihre Wege trennen sich.<\/p>\n\n\n\n<p class=\"has-text-align-center\">Um Velcor vor dem Untergang zu retten, begibt sich Arvid auf die Reise in das ferne W\u00fcstenland Umbracor.<\/p>\n\n\n\n<p class=\"has-text-align-center\">Und auch Signe ist auf dem Weg dorthin \u2026<\/p>\n\n\n\n<h3 class=\"has-text-align-center wp-block-heading\">&nbsp;<\/h3>\n\n\n\n<figure class=\"wp-block-video\"><video controls src=\"https:\/\/www.janajeworreck.de\/wp-content\/uploads\/2017\/05\/DreilandTrailer.mp4\"><\/video><\/figure>\n\n\n\n<p class=\"has-text-align-center\">Das eine Land ist verflucht.<br>Das andere leidet unter Wassernot.<br>Das dritte Land aber liegt im Verborgenen.<\/p>\n\n\n\n<h2 class=\"has-text-align-center wp-block-heading\">Dreiland I<\/h2>\n\n\n\n<p class=\"has-text-align-center\"><strong>Beginn eines Abenteuers voller Gefahren.<\/strong><\/p>\n\n\n\n<blockquote class=\"wp-block-quote is-layout-flow wp-block-quote-is-layout-flow\"><p style=\"text-align: center;\"><em>\u201eDie Bestie, mein Herr. Jenes Ungeheuer, das junge M\u00e4nner zu sich holt\u201c, fl\u00fcsterte Meister Ingwin, gerade so, als w\u00fcrde das Monster jeden Moment aus einer dunklen Ecke hervorspringen. Zugleich aber wirkte er unwirsch, als k\u00f6nne er nicht verstehen, weshalb der Graf nachfragte.<br>\u201eSagt, kennt Ihr die Geschichte der Bestie nicht?\u201c<\/em><\/p><\/blockquote>\n\n\n\n<p class=\"has-text-align-center\">\u00dcbernat\u00fcrliche Kr\u00e4fte bestimmen das Schicksal des Landes Velcor und der K\u00f6nig muss sich aufkeimenden Machtk\u00e4mpfen stellen. Au\u00dferdem erscheint immer h\u00e4ufiger das Symbol des mythischen Kaiserreichs namens Dreiland und eine Prophezeiung gibt R\u00e4tsel auf.<\/p>\n\n\n\n<p class=\"has-text-align-center\">Signe und Arvid werden in einen Strudel der Ereignisse hineingezogen. Ihnen er\u00f6ffnet sich eine unheilvolle Welt voller Abenteuer, die bestanden werden m\u00fcssen.<\/p>\n\n\n\n<p class=\"has-text-align-center\">Wird die Liebe zwischen Signe und Arvid bis zum Ende Bestand haben oder zerbricht sie an den Herausforderungen, die die beiden zu meistern haben?<\/p>\n\n\n\n<p class=\"has-text-align-center\">Anspruchsvolle Fantasy ab 16 Jahren<\/p>\n\n\n\n<p class=\"has-text-align-center\"><a href=\"https:\/\/www.janajeworreck.de\/index.php\/schreiben\/dreiland-ii\" target=\"_blank\" rel=\"noopener noreferrer\">zu Dreiland II<\/a> &#8211;&nbsp; <a href=\"https:\/\/www.janajeworreck.de\/index.php\/schreiben\/dreiland-iii\/\" target=\"_blank\" rel=\"noopener noreferrer\">zu Dreiland III<\/a> &#8211;&nbsp;<a href=\"https:\/\/www.janajeworreck.de\/\"> Startseite<\/a><\/p>\n\n\n\n<p><\/p>\n","protected":false},"excerpt":{"rendered":"<p>Spannender Auftakt zur Fantasytrilogie ISBN 978-3-7450-0223-2bei epubli, B\u00fccher.de, Amazon &amp; weiteren E-Book:\u00a0 Thalia, Hugendubel, Weltbild, Amazon &amp; weitere Ein dunkler Fluch bedroht das K\u00f6nigreich Velcor. Zudem verbreiten unheimliche Bestien Angst und Schrecken. Der&#8230;<\/p>\n<div class=\"more-link-wrapper\"><a class=\"more-link\" href=\"https:\/\/www.janajeworreck.de\/index.php\/schreiben\/dreiland-i\/\">Weiterlesen<span class=\"screen-reader-text\">Dreiland I<\/span><\/a><\/div>\n","protected":false},"author":1,"featured_media":1011,"parent":103,"menu_order":0,"comment_status":"closed","ping_status":"closed","template":"","meta":{"footnotes":""},"class_list":["post-262","page","type-page","status-publish","has-post-thumbnail","hentry","entry"],"_links":{"self":[{"href":"https:\/\/www.janajeworreck.de\/index.php\/wp-json\/wp\/v2\/pages\/262","targetHints":{"allow":["GET"]}}],"collection":[{"href":"https:\/\/www.janajeworreck.de\/index.php\/wp-json\/wp\/v2\/pages"}],"about":[{"href":"https:\/\/www.janajeworreck.de\/index.php\/wp-json\/wp\/v2\/types\/page"}],"author":[{"embeddable":true,"href":"https:\/\/www.janajeworreck.de\/index.php\/wp-json\/wp\/v2\/users\/1"}],"replies":[{"embeddable":true,"href":"https:\/\/www.janajeworreck.de\/index.php\/wp-json\/wp\/v2\/comments?post=262"}],"version-history":[{"count":151,"href":"https:\/\/www.janajeworreck.de\/index.php\/wp-json\/wp\/v2\/pages\/262\/revisions"}],"predecessor-version":[{"id":1623,"href":"https:\/\/www.janajeworreck.de\/index.php\/wp-json\/wp\/v2\/pages\/262\/revisions\/1623"}],"up":[{"embeddable":true,"href":"https:\/\/www.janajeworreck.de\/index.php\/wp-json\/wp\/v2\/pages\/103"}],"wp:featuredmedia":[{"embeddable":true,"href":"https:\/\/www.janajeworreck.de\/index.php\/wp-json\/wp\/v2\/media\/1011"}],"wp:attachment":[{"href":"https:\/\/www.janajeworreck.de\/index.php\/wp-json\/wp\/v2\/media?parent=262"}],"curies":[{"name":"wp","href":"https:\/\/api.w.org\/{rel}","templated":true}]}}

<h1 class="has-text-align-center wp-block-heading">Spannender Auftakt zur Fantasytrilogie</h1>



<p class="has-text-align-center">ISBN 978-3-7450-0223-2<br>bei <a href="https://www.epubli.de/shop/buch/Dreiland-I-Jana-Jeworreck-9783745002232/65567" target="_blank" rel="noopener noreferrer">epubli</a>, <a href="https://www.buecher.de/shop/science-fiction-fantasy-horror/dreiland-i/jeworreck-jana/products_products/detail/prod_id/48720231/" target="_blank" rel="noreferrer noopener" aria-label="Bücher.de (öffnet in neuem Tab)">Bücher.de</a>, <a href="https://www.amazon.de/Dreiland-I-Jana-Jeworreck/dp/3745002237/ref=asap_bc?ie=UTF8" target="_blank" rel="noopener noreferrer">Amazon</a> &amp; <a href="https://www.umbreitshopsolution.de/shop/item/9783745002232/dreiland-i-von-jana-jeworreck-kartoniertes-buch" target="_blank" rel="noreferrer noopener" aria-label="weiteren (öffnet in neuem Tab)">weiteren</a></p>



<p class="has-text-align-center">E-Book:<a rel="noopener noreferrer" href="https://www.amazon.de/dp/B072SLFV4Y" target="_blank"> </a> <a rel="noreferrer noopener" aria-label=" (öffnet in neuem Tab)" href="https://www.thalia.de/shop/home/artikeldetails/ID141644947.html?hkft=ev" target="_blank">Thalia</a>, <a rel="noreferrer noopener" aria-label=" Hugendubel (öffnet in neuem Tab)" href="https://www.hugendubel.de/de/ebook/jana_jeworreck-dreiland_i-35394237-produkt-details.html" target="_blank">Hugendubel</a>, <a href="https://www.weltbild.de/artikel/ebook/dreiland-iii-drittes-buch-der-trilogie-dreiland-trilogie-bd_25980115-1?ln=U3VjaGV8U3VjaGVyZ2Vibmlz" target="_blank" rel="noreferrer noopener">Weltbild</a>, <a rel="noopener noreferrer" href="https://www.amazon.de/dp/B072SLFV4Y" target="_blank"> Amazon </a> &amp; <a rel="noreferrer noopener" aria-label="weitere (öffnet in neuem Tab)" href="https://itunes.apple.com/de/artist/jana-jeworreck/id585612274" target="_blank">weitere</a></p>



<div class="wp-block-image"><figure class="aligncenter"><img loading="lazy" decoding="async" width="197" height="300" src="https://www.janajeworreck.de/wp-content/uploads/2019/02/Dreilandcover-1-Wasser-und-Dunkelheit-197x300.jpg" alt="" class="wp-image-1145" srcset="https://www.janajeworreck.de/wp-content/uploads/2019/02/Dreilandcover-1-Wasser-und-Dunkelheit-197x300.jpg 197w, https://www.janajeworreck.de/wp-content/uploads/2019/02/Dreilandcover-1-Wasser-und-Dunkelheit-768x1168.jpg 768w, https://www.janajeworreck.de/wp-content/uploads/2019/02/Dreilandcover-1-Wasser-und-Dunkelheit-700x1064.jpg 700w, https://www.janajeworreck.de/wp-content/uploads/2019/02/Dreilandcover-1-Wasser-und-Dunkelheit.jpg 1476w" sizes="auto, (max-width: 197px) 100vw, 197px" /></figure></div>



<p class="has-text-align-center">Ein dunkler Fluch bedroht das Königreich Velcor. Zudem verbreiten unheimliche Bestien  Angst und Schrecken.</p>



<p class="has-text-align-center">Der Gesandte des Königs, Arvid von Lebera, ist im ganzen Land unterwegs, um magiekundige Morphe zu finden, die den Fluch brechen könnten.</p>



<p class="has-text-align-center">Auf seiner Suche begegnet er Signe, einem Mädchen, das ein vergessenes Symbol des mythischen Kaiserreiches Dreiland trägt. Arvid vermutet, dass sie eine Morphia ist. Doch ihre Wege trennen sich.</p>



<p class="has-text-align-center">Um Velcor vor dem Untergang zu retten, begibt sich Arvid auf die Reise in das ferne Wüstenland Umbracor.</p>



<p class="has-text-align-center">Und auch Signe ist auf dem Weg dorthin …</p>



<h3 class="has-text-align-center wp-block-heading">&nbsp;</h3>



<figure class="wp-block-video"><video controls src="https://www.janajeworreck.de/wp-content/uploads/2017/05/DreilandTrailer.mp4"></video></figure>



<p class="has-text-align-center">Das eine Land ist verflucht.<br>Das andere leidet unter Wassernot.<br>Das dritte Land aber liegt im Verborgenen.</p>



<h2 class="has-text-align-center wp-block-heading">Dreiland I</h2>



<p class="has-text-align-center"><strong>Beginn eines Abenteuers voller Gefahren.</strong></p>



<blockquote class="wp-block-quote is-layout-flow wp-block-quote-is-layout-flow"><p style="text-align: center;"><em>„Die Bestie, mein Herr. Jenes Ungeheuer, das junge Männer zu sich holt“, flüsterte Meister Ingwin, gerade so, als würde das Monster jeden Moment aus einer dunklen Ecke hervorspringen. Zugleich aber wirkte er unwirsch, als könne er nicht verstehen, weshalb der Graf nachfragte.<br>„Sagt, kennt Ihr die Geschichte der Bestie nicht?“</em></p></blockquote>



<p class="has-text-align-center">Übernatürliche Kräfte bestimmen das Schicksal des Landes Velcor und der König muss sich aufkeimenden Machtkämpfen stellen. Außerdem erscheint immer häufiger das Symbol des mythischen Kaiserreichs namens Dreiland und eine Prophezeiung gibt Rätsel auf.</p>



<p class="has-text-align-center">Signe und Arvid werden in einen Strudel der Ereignisse hineingezogen. Ihnen eröffnet sich eine unheilvolle Welt voller Abenteuer, die bestanden werden müssen.</p>



<p class="has-text-align-center">Wird die Liebe zwischen Signe und Arvid bis zum Ende Bestand haben oder zerbricht sie an den Herausforderungen, die die beiden zu meistern haben?</p>



<p class="has-text-align-center">Anspruchsvolle Fantasy ab 16 Jahren</p>



<p class="has-text-align-center"><a href="https://www.janajeworreck.de/index.php/schreiben/dreiland-ii" target="_blank" rel="noopener noreferrer">zu Dreiland II</a> &#8211;&nbsp; <a href="https://www.janajeworreck.de/index.php/schreiben/dreiland-iii/" target="_blank" rel="noopener noreferrer">zu Dreiland III</a> &#8211;&nbsp;<a href="https://www.janajeworreck.de/"> Startseite</a></p>



<p></p>

<p>Spannender Auftakt zur Fantasytrilogie ISBN 978-3-7450-0223-2bei epubli, Bücher.de, Amazon &amp; weiteren E-Book:  Thalia, Hugendubel, Weltbild, Amazon &amp; weitere Ein dunkler Fluch bedroht das Königreich Velcor. Zudem verbreiten unheimliche Bestien Angst und Schrecken. Der&#8230;</p>
<div class="more-link-wrapper"><a class="more-link" href="https://www.janajeworreck.de/index.php/schreiben/dreiland-i/">Weiterlesen<span class="screen-reader-text">Dreiland I</span></a></div>
